{"id":7,"date":"2025-03-09T16:24:27","date_gmt":"2025-03-09T16:24:27","guid":{"rendered":"https:\/\/kyliederck.be\/?page_id=7"},"modified":"2025-06-06T09:12:43","modified_gmt":"2025-06-06T09:12:43","slug":"welkom","status":"publish","type":"page","link":"https:\/\/kyliederck.be\/","title":{"rendered":"Welkom"},"content":{"rendered":"\n<figure class=\"wp-block-image size-full is-resized has-custom-border\" style=\"margin-top:0;margin-bottom:0\"><img loading=\"lazy\" decoding=\"async\" width=\"600\" height=\"399\" src=\"https:\/\/kyliederck.be\/wp-content\/uploads\/2025\/03\/cacaobean.png\" alt=\"afbeelding van een gele cacaoboon\" class=\"wp-image-9\" style=\"border-style:none;border-width:0px;border-radius:100px;aspect-ratio:3\/2;object-fit:cover;width:645px;height:auto\" srcset=\"https:\/\/kyliederck.be\/wp-content\/uploads\/2025\/03\/cacaobean.png 600w, https:\/\/kyliederck.be\/wp-content\/uploads\/2025\/03\/cacaobean-300x200.png 300w\" sizes=\"auto, (max-width: 600px) 100vw, 600px\" \/><\/figure>\n\n\n\n<p>Welkom op mijn site over chocolade.&nbsp; Al jaren ben ik een grote fan van chocolade.&nbsp; Buiten dat ik het h\u00e9\u00e9l graag eet ben ik ook ge\u00efnteresseerd in het productieproces en de effecten op het lichaam.&nbsp; Op deze site hoop ik je mee te trekken in mijn zoete passie.<\/p>\n\n\n\n<p><\/p>\n\n\n\n\n\n\n<div class=\"quotes_box_and_tips\"><div  class=\"single_quotes_box visible \" data-id=\"183\">\n\t\t\t\t<div class=\"testimonials_box\" id=\"testimonials_183\">\n\t\t\t\t\t<h3>Quote van de dag<\/h3>\n\t\t\t\t\t<p>\n\t\t\t\t\t\t<i>\"<strong>Het is wetenschappelijk aangetoond dat van elke tien personen er veertien van chocola houden.<\/strong>\"<\/i>\n\t\t\t\t\t<\/p>\n\t\t\t\t\t<p class=\"signature\"><\/p>\n\t\t\t\t<\/div>\n\t\t\t<\/div><div class=\"clear\"><\/div><\/div>\n","protected":false},"excerpt":{"rendered":"<p>Welkom op mijn site over chocolade.&nbsp; Al jaren ben ik een grote fan van chocolade.&nbsp; Buiten dat ik het h\u00e9\u00e9l graag eet ben ik ook ge\u00efnteresseerd in het productieproces en de effecten op het lichaam.&nbsp; Op deze site hoop ik je mee te trekken in mijn zoete passie.<\/p>\n","protected":false},"author":1,"featured_media":0,"parent":0,"menu_order":0,"comment_status":"closed","ping_status":"closed","template":"","meta":{"_monsterinsights_skip_tracking":false,"_monsterinsights_sitenote_active":false,"_monsterinsights_sitenote_note":"","_monsterinsights_sitenote_category":0,"footnotes":""},"class_list":["post-7","page","type-page","status-publish","hentry","entry"],"aioseo_notices":[],"jetpack_sharing_enabled":true,"_links":{"self":[{"href":"https:\/\/kyliederck.be\/index.php?rest_route=\/wp\/v2\/pages\/7","targetHints":{"allow":["GET"]}}],"collection":[{"href":"https:\/\/kyliederck.be\/index.php?rest_route=\/wp\/v2\/pages"}],"about":[{"href":"https:\/\/kyliederck.be\/index.php?rest_route=\/wp\/v2\/types\/page"}],"author":[{"embeddable":true,"href":"https:\/\/kyliederck.be\/index.php?rest_route=\/wp\/v2\/users\/1"}],"replies":[{"embeddable":true,"href":"https:\/\/kyliederck.be\/index.php?rest_route=%2Fwp%2Fv2%2Fcomments&post=7"}],"version-history":[{"count":9,"href":"https:\/\/kyliederck.be\/index.php?rest_route=\/wp\/v2\/pages\/7\/revisions"}],"predecessor-version":[{"id":209,"href":"https:\/\/kyliederck.be\/index.php?rest_route=\/wp\/v2\/pages\/7\/revisions\/209"}],"wp:attachment":[{"href":"https:\/\/kyliederck.be\/index.php?rest_route=%2Fwp%2Fv2%2Fmedia&parent=7"}],"curies":[{"name":"wp","href":"https:\/\/api.w.org\/{rel}","templated":true}]}}